{"id":144,"date":"2008-06-27T22:29:09","date_gmt":"2008-06-27T21:29:09","guid":{"rendered":"http:\/\/www.kirchengemeinde-schmalkalden.de\/evangelische-kirchengemeinde-schmalkalden"},"modified":"2026-03-26T11:17:45","modified_gmt":"2026-03-26T10:17:45","slug":"evangelische-kirchengemeinde-schmalkalden","status":"publish","type":"page","link":"https:\/\/kirchengemeinde-schmalkalden.de\/index.php\/evangelische-kirchengemeinde-schmalkalden","title":{"rendered":"Kirchenvorstand &#038; Pfarrbezirke"},"content":{"rendered":"<p>Herzlich laden wir Sie zu unseren Gottesdiensten und Veranstaltungen ein.<\/p>\n<p>Informationen zu aktuellen Angeboten und Gottesdiensten finden sie im aktuellen Gemeindebrief (als pdf Dokument auf dieser Internetseite) <a title=\"Gemeindebrief\" href=\"http:\/\/www.Kirchengemeinde-Schmalkalden.de\/index.php\/gemeindebrief\">hier.<\/a><\/p>\n<p><strong>Unsere Pfarrstellen mit den Pfarrbezirken in der \u00dcbersicht<\/strong><br \/>\nDie genaue Zuordnung der Seelsorgebezirke mit Kennzeichnung der dazugeh\u00f6rigen Stra\u00dfen (farblich gekennzeichnet) finden Sie hier im\u00a0<a href=\"http:\/\/kirchengemeinde-schmalkalden.de\/index.php\/evangelische-kirchengemeinde-schmalkalden\/pfarrbezirke\">Pfarrbezirke (Stadtplan)<\/a><br \/>\noder dieser \u00dcbersicht in tabellarischer Form:\u00a0 \u00a0<a href=\"http:\/\/kirchengemeinde-schmalkalden.de\/wp-content\/uploads\/2022\/04\/21-12-Einteilung-Seelsorgebezirke-Modell-2.xlsx\">Einteilung Seelsorgebezirke<\/a><\/p>\n<p>&nbsp;<\/p>\n<p><strong>\u00a0<\/strong><\/p>\n<p><span style=\"color: #ff0000;\"><strong><em>Pfr. Olaf Schnarr<\/em><\/strong><\/span><br \/>\n<span style=\"color: #ff0000;\"><strong>Schmalkalden 2, Grumbach, N\u00e4herstille, Asbach<\/strong><\/span><\/p>\n<p><span style=\"color: #339966;\"><strong><em>Pfr. Christoph Nordmeyer<\/em><\/strong><\/span><br \/>\n<span style=\"color: #339966;\"><strong>Schmalkalden 3, Haindorf<\/strong><\/span><\/p>\n<p><span style=\"color: #ebeb52;\"><strong><em> Pfr. Uwe Hanis<br \/>\n<\/em><\/strong><\/span><strong><span style=\"color: #d1d138;\"><span style=\"color: #ebeb52;\">Mittelstille und Breitenbach\u00a0\u00a0<\/span>\u00a0\u00a0\u00a0<\/span>\u00a0\u00a0<\/strong><\/p>\n<p>&nbsp;<\/p>\n<p><span style=\"text-decoration: underline;\"><strong>Unser Kirchenvorstand von 2025-2031<\/strong><\/span><\/p>\n<p>Beate Bach, Matthias Boennen, Christine Brauer, Michael Brieger, Dekan Ralf Gebauer,<br \/>\nGudrun Gro\u00dfkopf, Sebastian Kretschmann (Vorsitzender), Anja Leffler, Bernd Leyh,<br \/>\nMaria-Luise Liebaug, Pfarrer Christoph Nordmeyer, Marco Schatt, Pfarrer Olaf Schnarr,<br \/>\nSusann Sch\u00f6newald,<\/p>\n<p>Kirchen\u00e4lteste: Elli Rossmann, Barbara Dittmar, Martin Johannes und Gisela H\u00f6land<\/p>\n<p>Ehrenmitglied: Renate L\u00f6scher<\/p>\n<p>&nbsp;<\/p>\n<h2><a href=\"http:\/\/kirchengemeinde-schmalkalden.de\/index.php\/unsere-kirche\">Stadtkirche St. Georg<\/a><\/h2>\n<p><a href=\"http:\/\/kirchengemeinde-schmalkalden.de\/a%c2%96kumenische-reformationsfeier-und-kirchenkreisfest-schmalkalden-2017-7\"><img loading=\"lazy\" decoding=\"async\" class=\"alignleft size-medium wp-image-3184\" src=\"http:\/\/kirchengemeinde-schmalkalden.de\/wp-content\/uploads\/2016\/06\/aktuell_171031_r2017_sm_fest_14-300x200.jpg\" alt=\"\" width=\"300\" height=\"200\" srcset=\"https:\/\/kirchengemeinde-schmalkalden.de\/wp-content\/uploads\/2016\/06\/aktuell_171031_r2017_sm_fest_14-300x200.jpg 300w, https:\/\/kirchengemeinde-schmalkalden.de\/wp-content\/uploads\/2016\/06\/aktuell_171031_r2017_sm_fest_14.jpg 750w\" sizes=\"auto, (max-width: 300px) 100vw, 300px\" \/><\/a><\/p>\n<p>&nbsp;<\/p>\n<p>&nbsp;<\/p>\n<p>&nbsp;<\/p>\n<p>&nbsp;<\/p>\n<p>&nbsp;<\/p>\n<p><a title=\"Kirchenmusik\" href=\"http:\/\/www.Kirchengemeinde-Schmalkalden.de\/index.php\/kirchenmusik\">Konzerte und Veranstaltungen<\/a><\/p>\n<p>&nbsp;<\/p>\n<p>&nbsp;<\/p>\n","protected":false},"excerpt":{"rendered":"<p>Herzlich laden wir Sie zu unseren Gottesdiensten und Veranstaltungen ein. Informationen zu aktuellen Angeboten und Gottesdiensten finden sie im aktuellen Gemeindebrief (als pdf Dokument auf dieser Internetseite) hier. Unsere Pfarrstellen mit den Pfarrbezirken in der \u00dcbersicht Die genaue Zuordnung der Seelsorgebezirke mit Kennzeichnung der dazugeh\u00f6rigen Stra\u00dfen (farblich gekennzeichnet) finden Sie hier im\u00a0Pfarrbezirke (Stadtplan) oder dieser \u00dcbersicht in tabellarischer Form:\u00a0 \u00a0Einteilung Seelsorgebezirke &nbsp; \u00a0 Pfr. Olaf Schnarr Schmalkalden 2, Grumbach, N\u00e4herstille, Asbach Pfr. Christoph Nordmeyer Schmalkalden 3, Haindorf Pfr. Uwe Hanis Mittelstille und Breitenbach\u00a0\u00a0\u00a0\u00a0\u00a0\u00a0\u00a0 &nbsp; Unser Kirchenvorstand von 2025-2031 Beate Bach, Matthias Boennen, Christine Brauer, Michael Brieger, Dekan Ralf Gebauer, Gudrun Gro\u00dfkopf, Sebastian Kretschmann (Vorsitzender), Anja Leffler, Bernd Leyh, Maria-Luise Liebaug, [&hellip;]<\/p>\n","protected":false},"author":6,"featured_media":0,"parent":0,"menu_order":2,"comment_status":"closed","ping_status":"closed","template":"","meta":{"footnotes":""},"class_list":["post-144","page","type-page","status-publish","hentry"],"_links":{"self":[{"href":"https:\/\/kirchengemeinde-schmalkalden.de\/index.php\/wp-json\/wp\/v2\/pages\/144","targetHints":{"allow":["GET"]}}],"collection":[{"href":"https:\/\/kirchengemeinde-schmalkalden.de\/index.php\/wp-json\/wp\/v2\/pages"}],"about":[{"href":"https:\/\/kirchengemeinde-schmalkalden.de\/index.php\/wp-json\/wp\/v2\/types\/page"}],"author":[{"embeddable":true,"href":"https:\/\/kirchengemeinde-schmalkalden.de\/index.php\/wp-json\/wp\/v2\/users\/6"}],"replies":[{"embeddable":true,"href":"https:\/\/kirchengemeinde-schmalkalden.de\/index.php\/wp-json\/wp\/v2\/comments?post=144"}],"version-history":[{"count":83,"href":"https:\/\/kirchengemeinde-schmalkalden.de\/index.php\/wp-json\/wp\/v2\/pages\/144\/revisions"}],"predecessor-version":[{"id":6134,"href":"https:\/\/kirchengemeinde-schmalkalden.de\/index.php\/wp-json\/wp\/v2\/pages\/144\/revisions\/6134"}],"wp:attachment":[{"href":"https:\/\/kirchengemeinde-schmalkalden.de\/index.php\/wp-json\/wp\/v2\/media?parent=144"}],"curies":[{"name":"wp","href":"https:\/\/api.w.org\/{rel}","templated":true}]}}